{"id":50,"date":"2018-04-06T12:03:19","date_gmt":"2018-04-06T12:03:19","guid":{"rendered":"http:\/\/mainospalvelu.net\/?page_id=50"},"modified":"2025-01-24T12:48:08","modified_gmt":"2025-01-24T12:48:08","slug":"yritys","status":"publish","type":"page","link":"https:\/\/mainospalvelu.net\/?page_id=50","title":{"rendered":"Yritys"},"content":{"rendered":"<h4 style=\"text-align: center;\">Pieness\u00e4 toimistossa ei ole tilaa byrokratialle<\/h4>\n<p>&nbsp;<\/p>\n<p style=\"text-align: center;\">Nurmij\u00e4rven Nukarissa sijaitseva, vuonna 1994 perustettu Mainospalvelu Kristasta Oy on palvellut asiakkaitaan yli 30 vuoden ajan. Joustavasti ja ammattitaidolla. Kummempia konstailematta. Kun komentoketju on lyhyt, toimii yhteisty\u00f6 mutkattomasti. Graafisesta suunnittelusta vastaa AD Krista J\u00e4nn\u00e4ri, jolla on alan pitk\u00e4 ja monipuolinen ty\u00f6kokemus. Luovaa ajattelua vauhdittamassa on innovatiivinen ty\u00f6ymp\u00e4rist\u00f6 maalaismaisemassa, silti vain reilun puolen tunnin ajomatkan p\u00e4\u00e4ss\u00e4 Helsingin tai H\u00e4meenlinnan keskustasta.<\/p>\n<p>&nbsp;<\/p>\n<p><img loading=\"lazy\" decoding=\"async\" class=\"aligncenter wp-image-731\" src=\"http:\/\/mainospalvelu.net\/wp-content\/uploads\/2020\/04\/nauha2-300x38.jpg\" alt=\"\" width=\"600\" height=\"75\" srcset=\"https:\/\/mainospalvelu.net\/wp-content\/uploads\/2020\/04\/nauha2-300x38.jpg 300w, https:\/\/mainospalvelu.net\/wp-content\/uploads\/2020\/04\/nauha2-1024x128.jpg 1024w, https:\/\/mainospalvelu.net\/wp-content\/uploads\/2020\/04\/nauha2-768x96.jpg 768w, https:\/\/mainospalvelu.net\/wp-content\/uploads\/2020\/04\/nauha2-1536x192.jpg 1536w, https:\/\/mainospalvelu.net\/wp-content\/uploads\/2020\/04\/nauha2-150x19.jpg 150w, https:\/\/mainospalvelu.net\/wp-content\/uploads\/2020\/04\/nauha2.jpg 1600w\" sizes=\"auto, (max-width: 600px) 100vw, 600px\" \/><\/p>\n<h5 style=\"text-align: center;\">Yhdess\u00e4 enemm\u00e4n<\/h5>\n<p style=\"text-align: center;\">Mainospalvelu on alusta asti panostanut yhteisty\u00f6h\u00f6n muiden viestint\u00e4alan toimijoiden kanssa. Saat kauttamme tarkasti omaan tarpeeseesi r\u00e4\u00e4t\u00e4l\u00f6idyt palvelut joustavasti yhdest\u00e4 paikasta. Maksat vain siit\u00e4 m\u00e4\u00e4r\u00e4st\u00e4 osaajia, joita kulloinkin tarvitset, et seinist\u00e4.<\/p>\n<p>&nbsp;<\/p>\n<p>&nbsp;<\/p>\n<p>&nbsp;<\/p>\n<p>&nbsp;<\/p>\n<p>&nbsp;<\/p>\n","protected":false},"excerpt":{"rendered":"<p>Pieness\u00e4 toimistossa ei ole tilaa byrokratialle &nbsp; Nurmij\u00e4rven Nukarissa sijaitseva, vuonna 1994 perustettu Mainospalvelu Kristasta Oy on palvellut asiakkaitaan yli 30 vuoden ajan. Joustavasti ja ammattitaidolla. Kummempia konstailematta. Kun komentoketju on lyhyt, toimii yhteisty\u00f6 mutkattomasti. Graafisesta suunnittelusta vastaa AD Krista J\u00e4nn\u00e4ri,&#8230;<\/p>\n<p> <a class=\"continue-reading-link\" href=\"https:\/\/mainospalvelu.net\/?page_id=50\"><span>Jatka lukemista<\/span><i class=\"crycon-right-dir\"><\/i><\/a> <\/p>\n","protected":false},"author":3,"featured_media":0,"parent":0,"menu_order":0,"comment_status":"closed","ping_status":"closed","template":"","meta":{"footnotes":""},"class_list":["post-50","page","type-page","status-publish","hentry"],"_links":{"self":[{"href":"https:\/\/mainospalvelu.net\/index.php?rest_route=\/wp\/v2\/pages\/50","targetHints":{"allow":["GET"]}}],"collection":[{"href":"https:\/\/mainospalvelu.net\/index.php?rest_route=\/wp\/v2\/pages"}],"about":[{"href":"https:\/\/mainospalvelu.net\/index.php?rest_route=\/wp\/v2\/types\/page"}],"author":[{"embeddable":true,"href":"https:\/\/mainospalvelu.net\/index.php?rest_route=\/wp\/v2\/users\/3"}],"replies":[{"embeddable":true,"href":"https:\/\/mainospalvelu.net\/index.php?rest_route=%2Fwp%2Fv2%2Fcomments&post=50"}],"version-history":[{"count":44,"href":"https:\/\/mainospalvelu.net\/index.php?rest_route=\/wp\/v2\/pages\/50\/revisions"}],"predecessor-version":[{"id":939,"href":"https:\/\/mainospalvelu.net\/index.php?rest_route=\/wp\/v2\/pages\/50\/revisions\/939"}],"wp:attachment":[{"href":"https:\/\/mainospalvelu.net\/index.php?rest_route=%2Fwp%2Fv2%2Fmedia&parent=50"}],"curies":[{"name":"wp","href":"https:\/\/api.w.org\/{rel}","templated":true}]}}