{"id":150,"date":"2020-04-09T20:39:44","date_gmt":"2020-04-09T20:39:44","guid":{"rendered":"http:\/\/mainospalvelu.net\/?page_id=150"},"modified":"2023-06-05T12:18:03","modified_gmt":"2023-06-05T12:18:03","slug":"some","status":"publish","type":"page","link":"https:\/\/mainospalvelu.net\/?page_id=150","title":{"rendered":"Some"},"content":{"rendered":"<h4 style=\"text-align: center;\">Some \u2013 sosiaalinen media ja s\u00e4hk\u00f6inen mainonta<\/h4>\n<p>&nbsp;<\/p>\n<p><img loading=\"lazy\" decoding=\"async\" class=\"alignnone size-medium wp-image-674 aligncenter\" src=\"http:\/\/mainospalvelu.net\/wp-content\/uploads\/2020\/04\/somelogot-300x64.jpg\" alt=\"\" width=\"300\" height=\"64\" srcset=\"https:\/\/mainospalvelu.net\/wp-content\/uploads\/2020\/04\/somelogot-300x64.jpg 300w, https:\/\/mainospalvelu.net\/wp-content\/uploads\/2020\/04\/somelogot-150x32.jpg 150w, https:\/\/mainospalvelu.net\/wp-content\/uploads\/2020\/04\/somelogot.jpg 444w\" sizes=\"auto, (max-width: 300px) 100vw, 300px\" \/><\/p>\n<p style=\"text-align: center;\">&#8221;Vanhoilla p\u00e4ivill\u00e4\u00e4n&#8221; on perinteisen printtimainonnan tekij\u00e4 joutunut opettelemaan s\u00e4hk\u00f6isen viestinn\u00e4n koukeroita ja uuden saavuttettavuusdirektiivin s\u00e4\u00e4nt\u00f6j\u00e4. Mutta uuden oppiminen on hauskaa ja haastavaa. Meilt\u00e4 saa my\u00f6s esteet\u00f6nt\u00e4 digimainontaa.<\/p>\n<p><img loading=\"lazy\" decoding=\"async\" class=\"aligncenter wp-image-867\" src=\"http:\/\/mainospalvelu.net\/wp-content\/uploads\/2023\/06\/hyvismainos-pysty-478x1024.jpg\" alt=\"\" width=\"350\" height=\"750\" srcset=\"https:\/\/mainospalvelu.net\/wp-content\/uploads\/2023\/06\/hyvismainos-pysty-478x1024.jpg 478w, https:\/\/mainospalvelu.net\/wp-content\/uploads\/2023\/06\/hyvismainos-pysty-140x300.jpg 140w, https:\/\/mainospalvelu.net\/wp-content\/uploads\/2023\/06\/hyvismainos-pysty-768x1646.jpg 768w, https:\/\/mainospalvelu.net\/wp-content\/uploads\/2023\/06\/hyvismainos-pysty-717x1536.jpg 717w, https:\/\/mainospalvelu.net\/wp-content\/uploads\/2023\/06\/hyvismainos-pysty-956x2048.jpg 956w, https:\/\/mainospalvelu.net\/wp-content\/uploads\/2023\/06\/hyvismainos-pysty-70x150.jpg 70w, https:\/\/mainospalvelu.net\/wp-content\/uploads\/2023\/06\/hyvismainos-pysty-scaled.jpg 1194w\" sizes=\"auto, (max-width: 350px) 100vw, 350px\" \/><\/p>\n<p style=\"text-align: center;\"><em>HYVIS-voimaa sarjakuvista.<br \/>\nMetropolia Ammattikorkeakoulun julkaisuja 2023, some-mainontaa.<br \/>\nKirjan taitto: Krista J\u00e4nn\u00e4ri, Mainospalvelu Kristasta Oy<\/em><\/p>\n<p style=\"text-align: center;\"><img loading=\"lazy\" decoding=\"async\" class=\"wp-image-882 aligncenter\" src=\"http:\/\/mainospalvelu.net\/wp-content\/uploads\/2023\/06\/koulutus-etukansi-298x300.jpg\" alt=\"\" width=\"600\" height=\"603\" srcset=\"https:\/\/mainospalvelu.net\/wp-content\/uploads\/2023\/06\/koulutus-etukansi-298x300.jpg 298w, https:\/\/mainospalvelu.net\/wp-content\/uploads\/2023\/06\/koulutus-etukansi-1018x1024.jpg 1018w, https:\/\/mainospalvelu.net\/wp-content\/uploads\/2023\/06\/koulutus-etukansi-150x150.jpg 150w, https:\/\/mainospalvelu.net\/wp-content\/uploads\/2023\/06\/koulutus-etukansi-768x772.jpg 768w, https:\/\/mainospalvelu.net\/wp-content\/uploads\/2023\/06\/koulutus-etukansi-1527x1536.jpg 1527w, https:\/\/mainospalvelu.net\/wp-content\/uploads\/2023\/06\/koulutus-etukansi.jpg 1759w\" sizes=\"auto, (max-width: 600px) 100vw, 600px\" \/><br \/>\n<em>Ik\u00e4instituutin s\u00e4hk\u00f6inen koulutuskalenteri 2023<br \/>\n<\/em><\/p>\n<p><img loading=\"lazy\" decoding=\"async\" class=\"aligncenter wp-image-520\" src=\"http:\/\/mainospalvelu.net\/wp-content\/uploads\/2020\/04\/ONNI-851x315_FACEBOOK_3-300x111.jpg\" alt=\"\" width=\"600\" height=\"222\" srcset=\"https:\/\/mainospalvelu.net\/wp-content\/uploads\/2020\/04\/ONNI-851x315_FACEBOOK_3-300x111.jpg 300w, https:\/\/mainospalvelu.net\/wp-content\/uploads\/2020\/04\/ONNI-851x315_FACEBOOK_3-768x284.jpg 768w, https:\/\/mainospalvelu.net\/wp-content\/uploads\/2020\/04\/ONNI-851x315_FACEBOOK_3-150x56.jpg 150w, https:\/\/mainospalvelu.net\/wp-content\/uploads\/2020\/04\/ONNI-851x315_FACEBOOK_3.jpg 1005w\" sizes=\"auto, (max-width: 600px) 100vw, 600px\" \/><\/p>\n<p style=\"text-align: center;\"><em>Ik\u00e4instituutin El\u00e4m\u00e4ntaidon ev\u00e4\u00e4t -hanke (RAY 2015\u20132017)<br \/>\nHankkeen Facebook- ja Twitter-sivujen materiaalia<\/em><\/p>\n<p><img loading=\"lazy\" decoding=\"async\" class=\"aligncenter wp-image-491\" src=\"http:\/\/mainospalvelu.net\/wp-content\/uploads\/2020\/04\/ee.fb_-1.jpg\" alt=\"\" width=\"600\" height=\"557\" srcset=\"https:\/\/mainospalvelu.net\/wp-content\/uploads\/2020\/04\/ee.fb_-1.jpg 627w, https:\/\/mainospalvelu.net\/wp-content\/uploads\/2020\/04\/ee.fb_-1-300x278.jpg 300w, https:\/\/mainospalvelu.net\/wp-content\/uploads\/2020\/04\/ee.fb_-1-150x139.jpg 150w\" sizes=\"auto, (max-width: 600px) 100vw, 600px\" \/><\/p>\n<p>&nbsp;<\/p>\n<p>&nbsp;<\/p>\n","protected":false},"excerpt":{"rendered":"<p>Some \u2013 sosiaalinen media ja s\u00e4hk\u00f6inen mainonta &nbsp; &#8221;Vanhoilla p\u00e4ivill\u00e4\u00e4n&#8221; on perinteisen printtimainonnan tekij\u00e4 joutunut opettelemaan s\u00e4hk\u00f6isen viestinn\u00e4n koukeroita ja uuden saavuttettavuusdirektiivin s\u00e4\u00e4nt\u00f6j\u00e4. Mutta uuden oppiminen on hauskaa ja haastavaa. Meilt\u00e4 saa my\u00f6s esteet\u00f6nt\u00e4 digimainontaa. HYVIS-voimaa sarjakuvista. Metropolia Ammattikorkeakoulun julkaisuja 2023,&#8230;<\/p>\n<p> <a class=\"continue-reading-link\" href=\"https:\/\/mainospalvelu.net\/?page_id=150\"><span>Jatka lukemista<\/span><i class=\"crycon-right-dir\"><\/i><\/a> <\/p>\n","protected":false},"author":3,"featured_media":0,"parent":145,"menu_order":0,"comment_status":"closed","ping_status":"closed","template":"","meta":{"footnotes":""},"class_list":["post-150","page","type-page","status-publish","hentry"],"_links":{"self":[{"href":"https:\/\/mainospalvelu.net\/index.php?rest_route=\/wp\/v2\/pages\/150","targetHints":{"allow":["GET"]}}],"collection":[{"href":"https:\/\/mainospalvelu.net\/index.php?rest_route=\/wp\/v2\/pages"}],"about":[{"href":"https:\/\/mainospalvelu.net\/index.php?rest_route=\/wp\/v2\/types\/page"}],"author":[{"embeddable":true,"href":"https:\/\/mainospalvelu.net\/index.php?rest_route=\/wp\/v2\/users\/3"}],"replies":[{"embeddable":true,"href":"https:\/\/mainospalvelu.net\/index.php?rest_route=%2Fwp%2Fv2%2Fcomments&post=150"}],"version-history":[{"count":25,"href":"https:\/\/mainospalvelu.net\/index.php?rest_route=\/wp\/v2\/pages\/150\/revisions"}],"predecessor-version":[{"id":884,"href":"https:\/\/mainospalvelu.net\/index.php?rest_route=\/wp\/v2\/pages\/150\/revisions\/884"}],"up":[{"embeddable":true,"href":"https:\/\/mainospalvelu.net\/index.php?rest_route=\/wp\/v2\/pages\/145"}],"wp:attachment":[{"href":"https:\/\/mainospalvelu.net\/index.php?rest_route=%2Fwp%2Fv2%2Fmedia&parent=150"}],"curies":[{"name":"wp","href":"https:\/\/api.w.org\/{rel}","templated":true}]}}