{"id":143,"date":"2020-04-09T20:37:21","date_gmt":"2020-04-09T20:37:21","guid":{"rendered":"http:\/\/mainospalvelu.net\/?page_id=143"},"modified":"2025-01-24T12:16:38","modified_gmt":"2025-01-24T12:16:38","slug":"esitteet-ja-muut-painotyot","status":"publish","type":"page","link":"https:\/\/mainospalvelu.net\/?page_id=143","title":{"rendered":"Esitteet ja muut painoty\u00f6t"},"content":{"rendered":"<h4 style=\"text-align: center;\">Esitteit\u00e4<\/h4>\n<p>&nbsp;<\/p>\n<p>&nbsp;<\/p>\n<p><img loading=\"lazy\" decoding=\"async\" class=\"wp-image-932 aligncenter\" src=\"http:\/\/mainospalvelu.net\/wp-content\/uploads\/2025\/01\/seniorit-300x104.jpg\" alt=\"\" width=\"1000\" height=\"347\" srcset=\"https:\/\/mainospalvelu.net\/wp-content\/uploads\/2025\/01\/seniorit-300x104.jpg 300w, https:\/\/mainospalvelu.net\/wp-content\/uploads\/2025\/01\/seniorit-1024x355.jpg 1024w, https:\/\/mainospalvelu.net\/wp-content\/uploads\/2025\/01\/seniorit-768x266.jpg 768w, https:\/\/mainospalvelu.net\/wp-content\/uploads\/2025\/01\/seniorit-1536x533.jpg 1536w, https:\/\/mainospalvelu.net\/wp-content\/uploads\/2025\/01\/seniorit-2048x710.jpg 2048w, https:\/\/mainospalvelu.net\/wp-content\/uploads\/2025\/01\/seniorit-150x52.jpg 150w\" sizes=\"auto, (max-width: 1000px) 100vw, 1000px\" \/><\/p>\n<p style=\"text-align: center;\"><em>Esitesarja Suomen Kansainv\u00e4lisen Senioritanssin Liitolle.<\/em><\/p>\n<p><img loading=\"lazy\" decoding=\"async\" class=\"size-medium wp-image-924 aligncenter\" src=\"http:\/\/mainospalvelu.net\/wp-content\/uploads\/2024\/08\/OTAGO-sininen_KEVYT-1-212x300.jpg\" alt=\"\" width=\"212\" height=\"300\" srcset=\"https:\/\/mainospalvelu.net\/wp-content\/uploads\/2024\/08\/OTAGO-sininen_KEVYT-1-212x300.jpg 212w, https:\/\/mainospalvelu.net\/wp-content\/uploads\/2024\/08\/OTAGO-sininen_KEVYT-1-724x1024.jpg 724w, https:\/\/mainospalvelu.net\/wp-content\/uploads\/2024\/08\/OTAGO-sininen_KEVYT-1-768x1086.jpg 768w, https:\/\/mainospalvelu.net\/wp-content\/uploads\/2024\/08\/OTAGO-sininen_KEVYT-1-1086x1536.jpg 1086w, https:\/\/mainospalvelu.net\/wp-content\/uploads\/2024\/08\/OTAGO-sininen_KEVYT-1-1448x2048.jpg 1448w, https:\/\/mainospalvelu.net\/wp-content\/uploads\/2024\/08\/OTAGO-sininen_KEVYT-1-106x150.jpg 106w, https:\/\/mainospalvelu.net\/wp-content\/uploads\/2024\/08\/OTAGO-sininen_KEVYT-1-scaled.jpg 1810w\" sizes=\"auto, (max-width: 212px) 100vw, 212px\" \/><\/p>\n<p style=\"text-align: center;\"><em>Ohjaajan opas, OTACO-ohjelma. Luustoliitto 2024.<\/em><\/p>\n<p style=\"text-align: center;\"><img loading=\"lazy\" decoding=\"async\" class=\"alignnone wp-image-842 size-full\" src=\"http:\/\/mainospalvelu.net\/wp-content\/uploads\/2023\/01\/matkaopas.jpg\" alt=\"\" width=\"1000\" height=\"433\" srcset=\"https:\/\/mainospalvelu.net\/wp-content\/uploads\/2023\/01\/matkaopas.jpg 1000w, https:\/\/mainospalvelu.net\/wp-content\/uploads\/2023\/01\/matkaopas-300x130.jpg 300w, https:\/\/mainospalvelu.net\/wp-content\/uploads\/2023\/01\/matkaopas-768x333.jpg 768w, https:\/\/mainospalvelu.net\/wp-content\/uploads\/2023\/01\/matkaopas-150x65.jpg 150w\" sizes=\"auto, (max-width: 1000px) 100vw, 1000px\" \/><br \/>\n<em>Mikroyritt\u00e4jille suunnatun Toivo@Tee-hankkeen tulevaisuusty\u00f6pajojen pohjalta<br \/>\n<\/em><em>kehitetty <\/em><em>54-sivuinen interaktiivinen, t\u00e4ytett\u00e4v\u00e4 ty\u00f6kirja 2023.<\/em><\/p>\n<p style=\"text-align: center;\"><img loading=\"lazy\" decoding=\"async\" class=\"aligncenter wp-image-696\" src=\"http:\/\/mainospalvelu.net\/wp-content\/uploads\/2020\/04\/Untitled-1-3-300x219.jpg\" alt=\"\" width=\"800\" height=\"583\" srcset=\"https:\/\/mainospalvelu.net\/wp-content\/uploads\/2020\/04\/Untitled-1-3-300x219.jpg 300w, https:\/\/mainospalvelu.net\/wp-content\/uploads\/2020\/04\/Untitled-1-3-768x560.jpg 768w, https:\/\/mainospalvelu.net\/wp-content\/uploads\/2020\/04\/Untitled-1-3-150x109.jpg 150w, https:\/\/mainospalvelu.net\/wp-content\/uploads\/2020\/04\/Untitled-1-3.jpg 857w\" sizes=\"auto, (max-width: 800px) 100vw, 800px\" \/><em style=\"text-align: center;\">Ik\u00e4instituutin esitteit\u00e4 2019 ja 2020<\/em><\/p>\n<p style=\"text-align: center;\"><em style=\"text-align: center;\"><br \/>\n<img loading=\"lazy\" decoding=\"async\" class=\"alignnone wp-image-740\" src=\"http:\/\/mainospalvelu.net\/wp-content\/uploads\/2020\/04\/teerc-200x300.jpg\" alt=\"\" width=\"400\" height=\"599\" srcset=\"https:\/\/mainospalvelu.net\/wp-content\/uploads\/2020\/04\/teerc-200x300.jpg 200w, https:\/\/mainospalvelu.net\/wp-content\/uploads\/2020\/04\/teerc-684x1024.jpg 684w, https:\/\/mainospalvelu.net\/wp-content\/uploads\/2020\/04\/teerc-768x1149.jpg 768w, https:\/\/mainospalvelu.net\/wp-content\/uploads\/2020\/04\/teerc-100x150.jpg 100w, https:\/\/mainospalvelu.net\/wp-content\/uploads\/2020\/04\/teerc.jpg 1005w\" sizes=\"auto, (max-width: 400px) 100vw, 400px\" \/><br \/>\n<em>Terveydeksi-esitteen sivuja, Ty\u00f6tt\u00f6mien Keskusj\u00e4rjest\u00f6 2019<br \/>\n<\/em><br \/>\n<\/em><\/p>\n<p><img loading=\"lazy\" decoding=\"async\" class=\"aligncenter wp-image-470\" src=\"http:\/\/mainospalvelu.net\/wp-content\/uploads\/2020\/04\/tehdasmuseo_NETTI-300x143.jpg\" alt=\"\" width=\"700\" height=\"333\" srcset=\"https:\/\/mainospalvelu.net\/wp-content\/uploads\/2020\/04\/tehdasmuseo_NETTI-300x143.jpg 300w, https:\/\/mainospalvelu.net\/wp-content\/uploads\/2020\/04\/tehdasmuseo_NETTI-1024x488.jpg 1024w, https:\/\/mainospalvelu.net\/wp-content\/uploads\/2020\/04\/tehdasmuseo_NETTI-768x366.jpg 768w, https:\/\/mainospalvelu.net\/wp-content\/uploads\/2020\/04\/tehdasmuseo_NETTI-1536x731.jpg 1536w, https:\/\/mainospalvelu.net\/wp-content\/uploads\/2020\/04\/tehdasmuseo_NETTI-2048x975.jpg 2048w, https:\/\/mainospalvelu.net\/wp-content\/uploads\/2020\/04\/tehdasmuseo_NETTI-150x71.jpg 150w\" sizes=\"auto, (max-width: 700px) 100vw, 700px\" \/><\/p>\n<p style=\"text-align: center;\"><em>Rajam\u00e4en tehdasmuseo avattiin yleis\u00f6lle 2017<\/em><\/p>\n<p><img loading=\"lazy\" decoding=\"async\" class=\"aligncenter wp-image-699\" src=\"http:\/\/mainospalvelu.net\/wp-content\/uploads\/2020\/04\/kesa-300x116.jpg\" alt=\"\" width=\"800\" height=\"311\" srcset=\"https:\/\/mainospalvelu.net\/wp-content\/uploads\/2020\/04\/kesa-300x116.jpg 300w, https:\/\/mainospalvelu.net\/wp-content\/uploads\/2020\/04\/kesa-768x298.jpg 768w, https:\/\/mainospalvelu.net\/wp-content\/uploads\/2020\/04\/kesa-150x58.jpg 150w, https:\/\/mainospalvelu.net\/wp-content\/uploads\/2020\/04\/kesa.jpg 1025w\" sizes=\"auto, (max-width: 800px) 100vw, 800px\" \/><\/p>\n<p style=\"text-align: center;\"><em>Nurmij\u00e4rven kunnan kes\u00e4esitteit\u00e4<\/em><\/p>\n<p><img loading=\"lazy\" decoding=\"async\" class=\"aligncenter wp-image-478\" src=\"http:\/\/mainospalvelu.net\/wp-content\/uploads\/2020\/04\/kutsu-6s-148x148-1.jpg\" alt=\"\" width=\"500\" height=\"167\" srcset=\"https:\/\/mainospalvelu.net\/wp-content\/uploads\/2020\/04\/kutsu-6s-148x148-1.jpg 600w, https:\/\/mainospalvelu.net\/wp-content\/uploads\/2020\/04\/kutsu-6s-148x148-1-300x101.jpg 300w, https:\/\/mainospalvelu.net\/wp-content\/uploads\/2020\/04\/kutsu-6s-148x148-1-150x50.jpg 150w\" sizes=\"auto, (max-width: 500px) 100vw, 500px\" \/><\/p>\n<p><img loading=\"lazy\" decoding=\"async\" class=\"aligncenter wp-image-479\" src=\"http:\/\/mainospalvelu.net\/wp-content\/uploads\/2020\/04\/kutsu-6s-148x148zz.jpg\" alt=\"\" width=\"500\" height=\"167\" srcset=\"https:\/\/mainospalvelu.net\/wp-content\/uploads\/2020\/04\/kutsu-6s-148x148zz.jpg 600w, https:\/\/mainospalvelu.net\/wp-content\/uploads\/2020\/04\/kutsu-6s-148x148zz-300x101.jpg 300w, https:\/\/mainospalvelu.net\/wp-content\/uploads\/2020\/04\/kutsu-6s-148x148zz-150x50.jpg 150w\" sizes=\"auto, (max-width: 500px) 100vw, 500px\" \/><\/p>\n<p style=\"text-align: center;\"><em>Ik\u00e4instituutin El\u00e4m\u00e4ntaidon ev\u00e4\u00e4t -hanke (RAY 2015\u20132017), haitariesite<\/em><\/p>\n<p style=\"text-align: center;\"><em><img loading=\"lazy\" decoding=\"async\" class=\"alignnone wp-image-447\" src=\"http:\/\/mainospalvelu.net\/wp-content\/uploads\/2020\/04\/Trexet_Nisa-tuote-300x276.jpg\" alt=\"\" width=\"608\" height=\"559\" srcset=\"https:\/\/mainospalvelu.net\/wp-content\/uploads\/2020\/04\/Trexet_Nisa-tuote-300x276.jpg 300w, https:\/\/mainospalvelu.net\/wp-content\/uploads\/2020\/04\/Trexet_Nisa-tuote-1024x942.jpg 1024w, https:\/\/mainospalvelu.net\/wp-content\/uploads\/2020\/04\/Trexet_Nisa-tuote-768x707.jpg 768w, https:\/\/mainospalvelu.net\/wp-content\/uploads\/2020\/04\/Trexet_Nisa-tuote-1536x1413.jpg 1536w, https:\/\/mainospalvelu.net\/wp-content\/uploads\/2020\/04\/Trexet_Nisa-tuote-150x138.jpg 150w, https:\/\/mainospalvelu.net\/wp-content\/uploads\/2020\/04\/Trexet_Nisa-tuote.jpg 1600w\" sizes=\"auto, (max-width: 608px) 100vw, 608px\" \/><br \/>\nSyyskuvaston mainosesite, Nisa-Tuote 2013<\/em><\/p>\n<p style=\"text-align: center;\"><img loading=\"lazy\" decoding=\"async\" class=\"aligncenter wp-image-772 size-full\" src=\"http:\/\/mainospalvelu.net\/wp-content\/uploads\/2020\/06\/musataitto.jpg\" alt=\"\" width=\"608\" height=\"420\" srcset=\"https:\/\/mainospalvelu.net\/wp-content\/uploads\/2020\/06\/musataitto.jpg 608w, https:\/\/mainospalvelu.net\/wp-content\/uploads\/2020\/06\/musataitto-300x207.jpg 300w, https:\/\/mainospalvelu.net\/wp-content\/uploads\/2020\/06\/musataitto-150x104.jpg 150w\" sizes=\"auto, (max-width: 608px) 100vw, 608px\" \/><em>Metropolia ammattikorkeakoulu<\/em><\/p>\n","protected":false},"excerpt":{"rendered":"<p>Esitteit\u00e4 &nbsp; &nbsp; Esitesarja Suomen Kansainv\u00e4lisen Senioritanssin Liitolle. Ohjaajan opas, OTACO-ohjelma. Luustoliitto 2024. Mikroyritt\u00e4jille suunnatun Toivo@Tee-hankkeen tulevaisuusty\u00f6pajojen pohjalta kehitetty 54-sivuinen interaktiivinen, t\u00e4ytett\u00e4v\u00e4 ty\u00f6kirja 2023. Ik\u00e4instituutin esitteit\u00e4 2019 ja 2020 Terveydeksi-esitteen sivuja, Ty\u00f6tt\u00f6mien Keskusj\u00e4rjest\u00f6 2019 Rajam\u00e4en tehdasmuseo avattiin yleis\u00f6lle 2017 Nurmij\u00e4rven kunnan&#8230;<\/p>\n<p> <a class=\"continue-reading-link\" href=\"https:\/\/mainospalvelu.net\/?page_id=143\"><span>Jatka lukemista<\/span><i class=\"crycon-right-dir\"><\/i><\/a> <\/p>\n","protected":false},"author":3,"featured_media":0,"parent":137,"menu_order":0,"comment_status":"closed","ping_status":"closed","template":"","meta":{"footnotes":""},"class_list":["post-143","page","type-page","status-publish","hentry"],"_links":{"self":[{"href":"https:\/\/mainospalvelu.net\/index.php?rest_route=\/wp\/v2\/pages\/143","targetHints":{"allow":["GET"]}}],"collection":[{"href":"https:\/\/mainospalvelu.net\/index.php?rest_route=\/wp\/v2\/pages"}],"about":[{"href":"https:\/\/mainospalvelu.net\/index.php?rest_route=\/wp\/v2\/types\/page"}],"author":[{"embeddable":true,"href":"https:\/\/mainospalvelu.net\/index.php?rest_route=\/wp\/v2\/users\/3"}],"replies":[{"embeddable":true,"href":"https:\/\/mainospalvelu.net\/index.php?rest_route=%2Fwp%2Fv2%2Fcomments&post=143"}],"version-history":[{"count":36,"href":"https:\/\/mainospalvelu.net\/index.php?rest_route=\/wp\/v2\/pages\/143\/revisions"}],"predecessor-version":[{"id":934,"href":"https:\/\/mainospalvelu.net\/index.php?rest_route=\/wp\/v2\/pages\/143\/revisions\/934"}],"up":[{"embeddable":true,"href":"https:\/\/mainospalvelu.net\/index.php?rest_route=\/wp\/v2\/pages\/137"}],"wp:attachment":[{"href":"https:\/\/mainospalvelu.net\/index.php?rest_route=%2Fwp%2Fv2%2Fmedia&parent=143"}],"curies":[{"name":"wp","href":"https:\/\/api.w.org\/{rel}","templated":true}]}}