{"id":14,"date":"2018-04-05T08:44:35","date_gmt":"2018-04-05T08:44:35","guid":{"rendered":"http:\/\/mainospalvelu.net\/?page_id=14"},"modified":"2020-04-21T21:04:49","modified_gmt":"2020-04-21T21:04:49","slug":"messut-ja-nayttelyt","status":"publish","type":"page","link":"https:\/\/mainospalvelu.net\/?page_id=14","title":{"rendered":"Messut ja n\u00e4yttelyt"},"content":{"rendered":"<h4 style=\"text-align: center;\">Messu- ja n\u00e4yttelytaulut<\/h4>\n<p>&nbsp;<\/p>\n<p style=\"text-align: center;\">Messu-, tapahtuma- ja n\u00e4yttelytaulut kokonaan uudella ilmeell\u00e4 tai jo olemassa olevan graafisen ohjeiston mukaisesti. Mainospalvelussa on vuosikymmenien kokemus erilaisten messu- ja n\u00e4yttelytaulujen suunnittelusta ja toteutuksesta. Yhdess\u00e4 yhteisty\u00f6kumppaniemme kanssa tarjoamme tarvittaessa my\u00f6s tulostus- ja asennuspalvelun. Kauttamme saat my\u00f6s rollapit, banderollit ja mainoskassit.<\/p>\n<p>&nbsp;<\/p>\n<p><img loading=\"lazy\" decoding=\"async\" class=\"aligncenter wp-image-363\" src=\"http:\/\/mainospalvelu.net\/wp-content\/uploads\/2020\/04\/Reimax_3000x2500zz-300x106.jpg\" alt=\"\" width=\"800\" height=\"282\" srcset=\"https:\/\/mainospalvelu.net\/wp-content\/uploads\/2020\/04\/Reimax_3000x2500zz-300x106.jpg 300w, https:\/\/mainospalvelu.net\/wp-content\/uploads\/2020\/04\/Reimax_3000x2500zz-150x53.jpg 150w, https:\/\/mainospalvelu.net\/wp-content\/uploads\/2020\/04\/Reimax_3000x2500zz.jpg 715w\" sizes=\"auto, (max-width: 800px) 100vw, 800px\" \/><\/p>\n<p style=\"text-align: center;\"><em>Messuosaston sein\u00e4tulosteita, Reimax Electronics 2018<\/em><\/p>\n<p><img loading=\"lazy\" decoding=\"async\" class=\"aligncenter wp-image-510\" src=\"http:\/\/mainospalvelu.net\/wp-content\/uploads\/2020\/04\/ELOISA-kangastuloste_valittu-1-300x157.jpg\" alt=\"\" width=\"500\" height=\"262\" srcset=\"https:\/\/mainospalvelu.net\/wp-content\/uploads\/2020\/04\/ELOISA-kangastuloste_valittu-1-300x157.jpg 300w, https:\/\/mainospalvelu.net\/wp-content\/uploads\/2020\/04\/ELOISA-kangastuloste_valittu-1-1024x536.jpg 1024w, https:\/\/mainospalvelu.net\/wp-content\/uploads\/2020\/04\/ELOISA-kangastuloste_valittu-1-768x402.jpg 768w, https:\/\/mainospalvelu.net\/wp-content\/uploads\/2020\/04\/ELOISA-kangastuloste_valittu-1-1536x804.jpg 1536w, https:\/\/mainospalvelu.net\/wp-content\/uploads\/2020\/04\/ELOISA-kangastuloste_valittu-1-2048x1072.jpg 2048w, https:\/\/mainospalvelu.net\/wp-content\/uploads\/2020\/04\/ELOISA-kangastuloste_valittu-1-150x79.jpg 150w\" sizes=\"auto, (max-width: 500px) 100vw, 500px\" \/><\/p>\n<p style=\"text-align: center;\"><em>Kangastulosteita messuosaston seinille, VTKL Eloisa ik\u00e4,\u00a0 2015<\/em><\/p>\n<p>&nbsp;<\/p>\n<p><img loading=\"lazy\" decoding=\"async\" class=\"wp-image-351 aligncenter\" src=\"http:\/\/mainospalvelu.net\/wp-content\/uploads\/2020\/04\/B011815vankila-300x138.jpg\" alt=\"\" width=\"800\" height=\"368\" srcset=\"https:\/\/mainospalvelu.net\/wp-content\/uploads\/2020\/04\/B011815vankila-300x138.jpg 300w, https:\/\/mainospalvelu.net\/wp-content\/uploads\/2020\/04\/B011815vankila-768x353.jpg 768w, https:\/\/mainospalvelu.net\/wp-content\/uploads\/2020\/04\/B011815vankila-150x69.jpg 150w, https:\/\/mainospalvelu.net\/wp-content\/uploads\/2020\/04\/B011815vankila.jpg 816w\" sizes=\"auto, (max-width: 800px) 100vw, 800px\" \/><\/p>\n<p style=\"text-align: center;\"><em>H\u00e4meenlinnan Vankilamuseo, n\u00e4yttelytauluja<\/em><\/p>\n<p><img loading=\"lazy\" decoding=\"async\" class=\"aligncenter wp-image-764\" src=\"http:\/\/mainospalvelu.net\/wp-content\/uploads\/2020\/04\/ilves-300x158.jpg\" alt=\"\" width=\"800\" height=\"420\" srcset=\"https:\/\/mainospalvelu.net\/wp-content\/uploads\/2020\/04\/ilves-300x158.jpg 300w, https:\/\/mainospalvelu.net\/wp-content\/uploads\/2020\/04\/ilves-1024x538.jpg 1024w, https:\/\/mainospalvelu.net\/wp-content\/uploads\/2020\/04\/ilves-768x403.jpg 768w, https:\/\/mainospalvelu.net\/wp-content\/uploads\/2020\/04\/ilves-150x79.jpg 150w, https:\/\/mainospalvelu.net\/wp-content\/uploads\/2020\/04\/ilves.jpg 1418w\" sizes=\"auto, (max-width: 800px) 100vw, 800px\" \/><\/p>\n<p style=\"text-align: center;\"><em>Osa Ilves-n\u00e4yttelyn roll-up-tauluista. H\u00e4meenlinnan historiallinen museo, 2008<\/em><\/p>\n<p><img loading=\"lazy\" decoding=\"async\" class=\"alignnone size-medium wp-image-464\" src=\"http:\/\/mainospalvelu.net\/wp-content\/uploads\/2020\/04\/ikis_rollup_850x2180_tekoja-1-120x300.jpg\" alt=\"\" width=\"120\" height=\"300\" srcset=\"https:\/\/mainospalvelu.net\/wp-content\/uploads\/2020\/04\/ikis_rollup_850x2180_tekoja-1-120x300.jpg 120w, https:\/\/mainospalvelu.net\/wp-content\/uploads\/2020\/04\/ikis_rollup_850x2180_tekoja-1-60x150.jpg 60w, https:\/\/mainospalvelu.net\/wp-content\/uploads\/2020\/04\/ikis_rollup_850x2180_tekoja-1.jpg 300w\" sizes=\"auto, (max-width: 120px) 100vw, 120px\" \/><\/p>\n","protected":false},"excerpt":{"rendered":"<p>Messu- ja n\u00e4yttelytaulut &nbsp; Messu-, tapahtuma- ja n\u00e4yttelytaulut kokonaan uudella ilmeell\u00e4 tai jo olemassa olevan graafisen ohjeiston mukaisesti. Mainospalvelussa on vuosikymmenien kokemus erilaisten messu- ja n\u00e4yttelytaulujen suunnittelusta ja toteutuksesta. Yhdess\u00e4 yhteisty\u00f6kumppaniemme kanssa tarjoamme tarvittaessa my\u00f6s tulostus- ja asennuspalvelun. Kauttamme saat my\u00f6s&#8230;<\/p>\n<p> <a class=\"continue-reading-link\" href=\"https:\/\/mainospalvelu.net\/?page_id=14\"><span>Jatka lukemista<\/span><i class=\"crycon-right-dir\"><\/i><\/a> <\/p>\n","protected":false},"author":3,"featured_media":0,"parent":4,"menu_order":0,"comment_status":"closed","ping_status":"closed","template":"","meta":{"footnotes":""},"class_list":["post-14","page","type-page","status-publish","hentry"],"_links":{"self":[{"href":"https:\/\/mainospalvelu.net\/index.php?rest_route=\/wp\/v2\/pages\/14","targetHints":{"allow":["GET"]}}],"collection":[{"href":"https:\/\/mainospalvelu.net\/index.php?rest_route=\/wp\/v2\/pages"}],"about":[{"href":"https:\/\/mainospalvelu.net\/index.php?rest_route=\/wp\/v2\/types\/page"}],"author":[{"embeddable":true,"href":"https:\/\/mainospalvelu.net\/index.php?rest_route=\/wp\/v2\/users\/3"}],"replies":[{"embeddable":true,"href":"https:\/\/mainospalvelu.net\/index.php?rest_route=%2Fwp%2Fv2%2Fcomments&post=14"}],"version-history":[{"count":28,"href":"https:\/\/mainospalvelu.net\/index.php?rest_route=\/wp\/v2\/pages\/14\/revisions"}],"predecessor-version":[{"id":765,"href":"https:\/\/mainospalvelu.net\/index.php?rest_route=\/wp\/v2\/pages\/14\/revisions\/765"}],"up":[{"embeddable":true,"href":"https:\/\/mainospalvelu.net\/index.php?rest_route=\/wp\/v2\/pages\/4"}],"wp:attachment":[{"href":"https:\/\/mainospalvelu.net\/index.php?rest_route=%2Fwp%2Fv2%2Fmedia&parent=14"}],"curies":[{"name":"wp","href":"https:\/\/api.w.org\/{rel}","templated":true}]}}